True
Is 9529791 prime?
False
Is 2280661 prime?
True
Is 10056401 composite?
True
Is 18043913 composite?
False
Is 1123687 composite?
True
Is 2709313 a prime number?
True
Is 1262285 a composite number?
True
Is 2754599 a composite number?
False
Is 10742241 composite?
True
Is 13626203 a prime number?
True
Is 9532294 a prime number?
False
Is 3071227 prime?
False
Is 24130151 composite?
True
Is 34797161 composite?
True
Is 13226107 prime?
True
Is 64351453 composite?
False
Is 58741 a composite number?
False
Is 4569281 a composite number?
True
Is 23607391 a composite number?
True
Is 321710239 a composite number?
False
Is 5809651 a composite number?
False
Is 274787579 a composite number?
True
Is 43012267 composite?
True
Is 782863 prime?
False
Is 406563697 a composite number?
False
Is 55287313 composite?
False
Is 2647823 prime?
False
Is 3758851 a composite number?
False
Is 52131331 composite?
True
Is 2364211 a composite number?
False
Is 1850720627 composite?
True
Is 20110991 a composite number?
False
Is 62531921 a composite number?
False
Is 351487841 prime?
True
Is 135427 prime?
True
Is 2166091 a prime number?
False
Is 115093 prime?
False
Is 5625937 a prime number?
True
Is 6359957 a prime number?
True
Is 19813 a prime number?
True
Is 4935011 a composite number?
False
Is 3432337 composite?
True
Is 144264113 composite?
True
Is 35458559 a composite number?
False
Is 43899629 a prime number?
True
Is 222018703 a prime number?
True
Is 1806286 composite?
True
Is 451849 composite?
True
Is 341641651 a composite number?
True
Is 310335269 prime?
True
Is 128256893 a prime number?
False
Is 85494347 a composite number?
True
Is 15259871 a prime number?
False
Is 275110491 a prime number?
False
Is 99742673 prime?
False
Is 132255127 a composite number?
False
Is 7887817 a composite number?
True
Is 4441747 composite?
False
Is 1266571 prime?
False
Is 180200327 composite?
False
Is 1600877 composite?
False
Is 22325731 prime?
False
Is 6655837 prime?
True
Is 6828397 composite?
False
Is 22304251 composite?
False
Is 7145969 a composite number?
False
Is 9654859 composite?
True
Is 82857571 prime?
False
Is 118523011 composite?
True
Is 1775523 a composite number?
True
Is 1780127 a composite number?
False
Is 13399739 a composite number?
True
Is 25845487 prime?
False
Is 574903 a prime number?
False
Is 16049669 composite?
False
Is 5160563 a composite number?
False
Is 2269373 a prime number?
False
Is 4162571 prime?
False
Is 26827565 a composite number?
True
Is 586274119 a prime number?
True
Is 5762563 prime?
False
Is 108896687 composite?
True
Is 847967 prime?
True
Is 14514359 a composite number?
False
Is 987291847 a prime number?
False
Is 387197 a composite number?
False
Is 3251327317 prime?
False
Is 1182899 a composite number?
True
Is 5612779 a prime number?
False
Is 78573137 a composite number?
False
Is 2106383 a composite number?
False
Is 7495751 prime?
False
Is 53664833 a prime number?
False
Is 14129393 composite?
False
Is 54311813 a prime number?
True
Is 554866891 a prime number?
True
Is 8633857 a prime number?
True
Is 37672811 prime?
False
Is 11388061 composite?
False
Is 343089101 a prime number?
False
Is 18743839 prime?
True
Is 765741917 prime?
True
Is 402656269 prime?
False
Is 831361 a composite number?
False
Is 4627549 composite?
False
Is 275490802 composite?
True
Is 21351749 a prime number?
True
Is 10669751 composite?
False
Is 167711 a prime number?
True
Is 6428287 composite?
True
Is 7202963 prime?
True
Is 12650731 a composite number?
True
Is 425950409 prime?
False
Is 1122369 a composite number?
True
Is 1989283 a composite number?
True
Is 15921593 prime?
False
Is 96017293 a composite number?
True
Is 7112837 prime?
True
Is 6520685 a composite number?
True
Is 17615851 a composite number?
True
Is 4201357 prime?
True
Is 205976185 a prime number?
False
Is 39173833 composite?
False
Is 32289683 a composite number?
True
Is 140879441 prime?
True
Is 5064869 composite?
True
Is 22014719 prime?
True
Is 1388811 prime?
False
Is 14776637 a composite number?
False
Is 33473461 composite?
True
Is 1389159173 a prime number?
False
Is 69663941 composite?
True
Is 4089157 composite?
False
Is 10367869 composite?
False
Is 524660009 a prime number?
True
Is 18111473 a composite number?
False
Is 206429087 a composite number?
False
Is 128311 composite?
False
Is 29923901 a composite number?
True
Is 12826609 a composite number?
False
Is 87175159 a prime number?
True
Is 280837 prime?
True
Is 1354127 a prime number?
True
Is 195145787 a composite number?
True
Is 28064957 prime?
False
Is 32879573 composite?
False
Is 11268119 composite?
False
Is 204707339 a prime number?
True
Is 5163023 a prime number?
True
Is 1414291 composite?
False
Is 132124973 a prime number?
True
Is 9577187 a prime number?
True
Is 118361831 composite?
True
Is 2076283 composite?
True
Is 1932311 a prime number?
False
Is 72115247 a composite number?
True
Is 1910521 composite?
True
Is 4311817 a prime number?
False
Is 6203717 prime?
False
Is 7590301 prime?
True
Is 3315817 prime?
True
Is 157288279 prime?
False
Is 32803817 prime?
False
Is 4280817 prime?
False
Is 67679 composite?
False
Is 19337467 composite?
False
Is 148445057 prime?
True
Is 17951257 a composite number?
True
Is 9262553 a prime number?
True
Is 111859417 prime?
True
Is 623564713 composite?
True
Is 11370083 a composite number?
False
Is 9512449 a prime number?
True
Is 714427403 composite?
True
Is 1815043051 prime?
True
Is 90529613 a composite number?
True
Is 103573403 composite?
False
Is 6721719 composite?
True
Is 32274797 prime?
False
Is 13938497 a composite number?
False
Is 43743923 a prime number?
True
Is 9803891 prime?
True
Is 74831639 a prime number?
True
Is 1415247 composite?
True
Is 1387643 prime?
False
Is 251873767 prime?
False
Is 42710711 a prime number?
True
Is 23423018 composite?
True
Is 14280859 a composite number?
True
Is 1370371 composite?
True
Is 33550267 composite?
False
Is 8495117 a prime number?
True
Is 13913869 a prime number?
True
Is 19427794 prime?
False
Is 1464079 a composite number?
False
Is 659389 prime?
False
Is 1889603 composite?
False
Is 104836453 composite?
False
Is 9497981 a prime number?
False
Is 146207143 a composite number?
False
Is 216010429 prime?
True
Is 48822682 composite?
True
Is 690695 a composite number?
True
Is 19417399 composite?
False
Is 64307995 composite?
True
Is 120061507 a prime number?
True
Is 4247917 composite?
False
Is 59275757 composite?
False
Is 243748969 a prime number?
True
Is 42958897 prime?
True
Is 1111669 a composite number?
True
Is 22464011 prime?
False
Is 288049 composite?
False
Is 52746101 a prime number?
True
Is 576143 a composite number?
True
Is 51211847 a composite number?
True
Is 3580067 prime?
True
Is 3455423 a composite number?
True
Is 417407773 prime?
False
Is 3525257 prime?
False
Is 167381 prime?
True
Is 4192193 a prime number?
False
Is 360545051 composite?
False
Is 21212353 prime?
True
Is 107390363 prime?
False
Is 464128499 a composite number?
True
Is 676337 prime?
True
Is 3681623 prime?
False
Is 13889063 a composite number?
False
Is 63224691 a composite number?
True
Is 536152229 prime?
True
Is 4907779 a prime number?
False
Is 4663 composite?
False
Is 173375351 prime?
False
Is 149705167 a prime number?
True
Is 4971595 a composite number?
True
Is 379079 a composite number?
True
Is 10576289 a prime number?
True
Is 7513874 composite?
True
Is 3548399 composite?
True
Is 26494883 composite?
True
Is 783829 a composite number?
False
Is 15806239 composite?
False
Is 243353 composite?
True
Is 2402747 composite?
False
Is 948593 a prime number?
True
Is 18217097 a prime number?
True
Is 9587827 composite?
False
Is 40488299 a prime number?
False
Is 159008659 composite?
True
Is 10739153 composite?
False
Is 62003651 prime?
False
Is 1402423 composite?
True
Is 40568741 a prime number?
True
Is 1207896379 composite?
False
Is 4009295 prime?
False
Is 1318279 prime?
True
Is 8631313 composite?
True
Is 6662741 a composite number?
False
Is 138340673 a prime number?
False
Is 11014097 composite?
False
Is 1395943 a composite number?
False
Is 7099661 a prime number?
False
Is 42254981 prime?
True
Is 7599253 prime?
False
Is 17486789 a prime number?
False
Is 410753 composite?
True
Is 2944489 a composite number?
True
Is 32491891 a composite number?
False
